{"id":308,"date":"2016-01-21T16:25:14","date_gmt":"2016-01-21T15:25:14","guid":{"rendered":"https:\/\/arc-sa.ch\/?page_id=308"},"modified":"2016-04-05T17:05:43","modified_gmt":"2016-04-05T15:05:43","slug":"creation","status":"publish","type":"page","link":"https:\/\/arc-sa.ch\/?page_id=308","title":{"rendered":"cr\u00e9ation"},"content":{"rendered":"<h1><span style=\"color: #640f3c;\"><strong>Cr\u00e9ation (le passage \u00e0 l\u2019acte)<\/strong><\/span><\/h1>\n<ul>\n<li>\n<h4>Choix et enjeux de la forme juridique<\/h4>\n<\/li>\n<li>\n<h4>D\u00e9finir les priorit\u00e9s<\/h4>\n<\/li>\n<\/ul>\n<h4>C\u2019est au d\u00e9part qu\u2019il s\u2019agit de faire des choix qui vont assurer vos premiers pas dans le business \u2026 avec nous, vous les faites en connaissance de cause (coach Genilem)\u00a0!<\/h4>\n<p>&nbsp;<\/p>\n<h1><span style=\"color: #640f3c;\"><strong>Autres prestations<\/strong><\/span><\/h1>\n<ul>\n<li>\n<h4>soutien au niveau administratif<\/h4>\n<\/li>\n<li>\n<h4>location<\/h4>\n<\/li>\n<li>\n<h4>domiciliation<\/h4>\n<\/li>\n<li>\n<h4>renvoi du courrier, mise \u00e0 disposition d\u2019un N\u00b0 de t\u00e9l. avec possibilit\u00e9 de d\u00e9viation<\/h4>\n<\/li>\n<\/ul>\n","protected":false},"excerpt":{"rendered":"<p>Cr\u00e9ation (le passage \u00e0 l\u2019acte)<\/p>\n<p>\nChoix et enjeux de la forme juridique<\/p>\n<p>\nD\u00e9finir les priorit\u00e9s<\/p>\n<p>\nC\u2019est au d\u00e9part qu\u2019il s\u2019agit de faire des choix qui vont assurer vos premiers pas dans le business \u2026 avec nous, vous les faites en connaissance de cause (coach Genilem)\u00a0!<br \/>\n&nbsp;<br \/>\nAutres prestations<\/p>\n<p>\nsoutien au niveau administratif<\/p>\n<p>\nlocation<\/p>\n<p>\ndomiciliation<\/p>\n<p>\nrenvoi du courrier, mise \u00e0 disposition d\u2019un N\u00b0 de t\u00e9l. avec possibilit\u00e9 &#8230;<\/p>\n","protected":false},"author":1,"featured_media":0,"parent":0,"menu_order":0,"comment_status":"closed","ping_status":"closed","template":"","meta":{"footnotes":""},"class_list":["post-308","page","type-page","status-publish","hentry"],"_links":{"self":[{"href":"https:\/\/arc-sa.ch\/index.php?rest_route=\/wp\/v2\/pages\/308","targetHints":{"allow":["GET"]}}],"collection":[{"href":"https:\/\/arc-sa.ch\/index.php?rest_route=\/wp\/v2\/pages"}],"about":[{"href":"https:\/\/arc-sa.ch\/index.php?rest_route=\/wp\/v2\/types\/page"}],"author":[{"embeddable":true,"href":"https:\/\/arc-sa.ch\/index.php?rest_route=\/wp\/v2\/users\/1"}],"replies":[{"embeddable":true,"href":"https:\/\/arc-sa.ch\/index.php?rest_route=%2Fwp%2Fv2%2Fcomments&post=308"}],"version-history":[{"count":3,"href":"https:\/\/arc-sa.ch\/index.php?rest_route=\/wp\/v2\/pages\/308\/revisions"}],"predecessor-version":[{"id":505,"href":"https:\/\/arc-sa.ch\/index.php?rest_route=\/wp\/v2\/pages\/308\/revisions\/505"}],"wp:attachment":[{"href":"https:\/\/arc-sa.ch\/index.php?rest_route=%2Fwp%2Fv2%2Fmedia&parent=308"}],"curies":[{"name":"wp","href":"https:\/\/api.w.org\/{rel}","templated":true}]}}