{"id":324,"date":"2016-01-29T08:37:54","date_gmt":"2016-01-29T07:37:54","guid":{"rendered":"https:\/\/arc-sa.ch\/?page_id=324"},"modified":"2016-06-10T09:14:59","modified_gmt":"2016-06-10T07:14:59","slug":"locations","status":"publish","type":"page","link":"https:\/\/arc-sa.ch\/?page_id=324","title":{"rendered":"locations"},"content":{"rendered":"<h1 style=\"text-align: left; padding-left: 30px;\"><strong><span style=\"color: #640f3c;\">aRc business center<\/span><\/strong><\/h1>\n<h1><\/h1>\n<h1><strong><span style=\"color: #640f3c;\">Situ\u00e9s \u00e0 la Rue du Progr\u00e8s 89 \u00e0 La Chaux-de-Fonds<\/span><\/strong><\/h1>\n<h1><\/h1>\n<h1><strong><span style=\"color: #640f3c;\">Nous offrons sur 500 m2 (\u00e0 5 min. de la gare)<\/span><\/strong><\/h1>\n<ul>\n<li>\n<h4>Surfaces de 10, 17, 20, 40 m2 sur 6 niveaux (avec ascenseur)<\/h4>\n<\/li>\n<li>\n<h4>Places de parc<\/h4>\n<\/li>\n<li>\n<h4>\u00c9quipements complets (informatique, t\u00e9l\u00e9phonie, bureautique \u2026)<\/h4>\n<\/li>\n<\/ul>\n<p>&nbsp;<\/p>\n<h1><strong><span style=\"color: #640f3c;\">Nous proposons<\/span><\/strong><\/h1>\n<ul>\n<li>\n<h4>un cadre id\u00e9al pour votre business<\/h4>\n<\/li>\n<li>\n<h4>des locaux \u00e9quip\u00e9s (bureaux, salles de s\u00e9ance, studios)<\/h4>\n<\/li>\n<li>\n<h4>des locations \u00e0 la demande<\/h4>\n<\/li>\n<li>\n<h4>des services d\u2019une \u00e9quipe professionnelle<\/h4>\n<\/li>\n<\/ul>\n<p>&nbsp;<\/p>\n<h1><strong>Venez partager avec nous, convivialit\u00e9, disponibilit\u00e9, calme<\/strong><\/h1>\n<h4>Pour plus de renseignements<br \/>\nPar t\u00e9l\u00e9phone : 0041 32 967 87 47<br \/>\nPar e-mail : info@arc-sa.ch<\/h4>\n","protected":false},"excerpt":{"rendered":"<p>aRc business center<\/p>\n<p>Situ\u00e9s \u00e0 la Rue du Progr\u00e8s 89 \u00e0 La Chaux-de-Fonds<\/p>\n<p>Nous offrons sur 500 m2 (\u00e0 5 min. de la gare)<\/p>\n<p>\nSurfaces de 10, 17, 20, 40 m2 sur 6 niveaux (avec ascenseur)<\/p>\n<p>\nPlaces de parc<\/p>\n<p>\n\u00c9quipements complets (informatique, t\u00e9l\u00e9phonie, bureautique \u2026)<\/p>\n<p>\n&nbsp;<br \/>\nNous proposons<\/p>\n<p>\nun cadre id\u00e9al pour votre business<\/p>\n<p>\ndes locaux \u00e9quip\u00e9s (bureaux, salles de s\u00e9ance, studios)<\/p>\n<p>\ndes locations &#8230;<\/p>\n","protected":false},"author":1,"featured_media":0,"parent":0,"menu_order":0,"comment_status":"closed","ping_status":"closed","template":"","meta":{"footnotes":""},"class_list":["post-324","page","type-page","status-publish","hentry"],"_links":{"self":[{"href":"https:\/\/arc-sa.ch\/index.php?rest_route=\/wp\/v2\/pages\/324","targetHints":{"allow":["GET"]}}],"collection":[{"href":"https:\/\/arc-sa.ch\/index.php?rest_route=\/wp\/v2\/pages"}],"about":[{"href":"https:\/\/arc-sa.ch\/index.php?rest_route=\/wp\/v2\/types\/page"}],"author":[{"embeddable":true,"href":"https:\/\/arc-sa.ch\/index.php?rest_route=\/wp\/v2\/users\/1"}],"replies":[{"embeddable":true,"href":"https:\/\/arc-sa.ch\/index.php?rest_route=%2Fwp%2Fv2%2Fcomments&post=324"}],"version-history":[{"count":12,"href":"https:\/\/arc-sa.ch\/index.php?rest_route=\/wp\/v2\/pages\/324\/revisions"}],"predecessor-version":[{"id":694,"href":"https:\/\/arc-sa.ch\/index.php?rest_route=\/wp\/v2\/pages\/324\/revisions\/694"}],"wp:attachment":[{"href":"https:\/\/arc-sa.ch\/index.php?rest_route=%2Fwp%2Fv2%2Fmedia&parent=324"}],"curies":[{"name":"wp","href":"https:\/\/api.w.org\/{rel}","templated":true}]}}

<h1 style="text-align: left; padding-left: 30px;"><strong><span style="color: #640f3c;">aRc business center</span></strong></h1>
<h1></h1>
<h1><strong><span style="color: #640f3c;">Situés à la Rue du Progrès 89 à La Chaux-de-Fonds</span></strong></h1>
<h1></h1>
<h1><strong><span style="color: #640f3c;">Nous offrons sur 500 m2 (à 5 min. de la gare)</span></strong></h1>
<ul>
<li>
<h4>Surfaces de 10, 17, 20, 40 m2 sur 6 niveaux (avec ascenseur)</h4>
</li>
<li>
<h4>Places de parc</h4>
</li>
<li>
<h4>Équipements complets (informatique, téléphonie, bureautique …)</h4>
</li>
</ul>
<p>&nbsp;</p>
<h1><strong><span style="color: #640f3c;">Nous proposons</span></strong></h1>
<ul>
<li>
<h4>un cadre idéal pour votre business</h4>
</li>
<li>
<h4>des locaux équipés (bureaux, salles de séance, studios)</h4>
</li>
<li>
<h4>des locations à la demande</h4>
</li>
<li>
<h4>des services d’une équipe professionnelle</h4>
</li>
</ul>
<p>&nbsp;</p>
<h1><strong>Venez partager avec nous, convivialité, disponibilité, calme</strong></h1>
<h4>Pour plus de renseignements<br />
Par téléphone : 0041 32 967 87 47<br />
Par e-mail : info@arc-sa.ch</h4>

<p>aRc business center</p>
<p>Situés à la Rue du Progrès 89 à La Chaux-de-Fonds</p>
<p>Nous offrons sur 500 m2 (à 5 min. de la gare)</p>
<p>
Surfaces de 10, 17, 20, 40 m2 sur 6 niveaux (avec ascenseur)</p>
<p>
Places de parc</p>
<p>
Équipements complets (informatique, téléphonie, bureautique …)</p>
<p>
&nbsp;<br />
Nous proposons</p>
<p>
un cadre idéal pour votre business</p>
<p>
des locaux équipés (bureaux, salles de séance, studios)</p>
<p>
des locations &#8230;</p>
